{"id":10,"date":"2021-05-24T08:18:03","date_gmt":"2021-05-24T08:18:03","guid":{"rendered":"https:\/\/www.gastrofestival-kh.cz\/?page_id=10"},"modified":"2026-02-05T11:01:43","modified_gmt":"2026-02-05T11:01:43","slug":"stante-se-soucasti","status":"publish","type":"page","link":"https:\/\/www.gastrofestival-kh.cz\/index.php\/stante-se-soucasti\/","title":{"rendered":"Sta\u0148te se sou\u010d\u00e1st\u00ed i vy!"},"content":{"rendered":"\n<p><\/p>\n\n\n\n<p>Srde\u010dn\u011b zveme v\u0161echny, kte\u0159\u00ed se v\u011bnuj\u00ed modern\u00ed a kvalitn\u00ed gastronomii! R\u00e1di p\u0159iv\u00edt\u00e1me tak\u00e9 prodejce nab\u00edzej\u00edc\u00ed sortiment souvisej\u00edc\u00ed s festivalem \u010di produkty region\u00e1ln\u00edho p\u016fvodu.<\/p>\n\n\n\n<p>Zvl\u00e1\u0161tn\u00ed prostor v\u011bnujeme lok\u00e1ln\u00edm producent\u016fm potravin ve vysok\u00e9 kvalit\u011b, v\u010detn\u011b BIO produkt\u016f. Pokud chcete b\u00fdt sou\u010d\u00e1st\u00ed jedine\u010dn\u00e9ho festivalu chut\u00ed a p\u0159edstavit sv\u00e9 produkty nad\u0161en\u00e9mu publiku, nev\u00e1hejte se k n\u00e1m p\u0159ipojit!<\/p>\n\n\n\n<p>T\u011b\u0161\u00edme se na v\u00e1s!<\/p>\n\n\n\n<div class=\"wp-block-file\"><a href=\"https:\/\/www.gastrofestival-kh.cz\/wp-content\/uploads\/2026\/02\/Podminky-stankari-2026.pdf\" target=\"_blank\" rel=\"noreferrer noopener\">Podm\u00ednky 2026<\/a><a href=\"https:\/\/www.gastrofestival-kh.cz\/wp-content\/uploads\/2026\/02\/Podminky-stankari-2026.pdf\" class=\"wp-block-file__button\" download>St\u00e1hnout<\/a><\/div>\n\n\n\n<p>Odkaz pro p\u0159ihla\u0161ov\u00e1n\u00ed st\u00e1nku najdete <strong><span class=\"has-inline-color has-vivid-red-color\"><a href=\"https:\/\/docs.google.com\/forms\/d\/e\/1FAIpQLScvAOQJakolJ60JVMsHBIqE58d1CO43jl9eaC_VHkpxlvZDtA\/viewform?usp=header\" data-type=\"URL\" data-id=\"https:\/\/docs.google.com\/forms\/d\/e\/1FAIpQLScvAOQJakolJ60JVMsHBIqE58d1CO43jl9eaC_VHkpxlvZDtA\/viewform?usp=header\" target=\"_blank\" rel=\"noreferrer noopener\">ZDE<\/a><\/span><\/strong>.<\/p>\n\n\n\n<p><br>Kontakt: Radka Francov\u00e1, <object height=\"0\">radka.francova@vinokutnahora.cz, 775 105 985<\/object><\/p>\n","protected":false},"excerpt":{"rendered":"<p>Srde\u010dn\u011b zveme v\u0161echny, kte\u0159\u00ed se v\u011bnuj\u00ed modern\u00ed a kvalitn\u00ed gastronomii! R\u00e1di p\u0159iv\u00edt\u00e1me tak\u00e9 prodejce nab\u00edzej\u00edc\u00ed sortiment souvisej\u00edc\u00ed s festivalem \u010di produkty region\u00e1ln\u00edho p\u016fvodu. Zvl\u00e1\u0161tn\u00ed prostor &hellip; <\/p>\n","protected":false},"author":4,"featured_media":0,"parent":0,"menu_order":0,"comment_status":"closed","ping_status":"closed","template":"","meta":[],"_links":{"self":[{"href":"https:\/\/www.gastrofestival-kh.cz\/index.php\/wp-json\/wp\/v2\/pages\/10"}],"collection":[{"href":"https:\/\/www.gastrofestival-kh.cz\/index.php\/wp-json\/wp\/v2\/pages"}],"about":[{"href":"https:\/\/www.gastrofestival-kh.cz\/index.php\/wp-json\/wp\/v2\/types\/page"}],"author":[{"embeddable":true,"href":"https:\/\/www.gastrofestival-kh.cz\/index.php\/wp-json\/wp\/v2\/users\/4"}],"replies":[{"embeddable":true,"href":"https:\/\/www.gastrofestival-kh.cz\/index.php\/wp-json\/wp\/v2\/comments?post=10"}],"version-history":[{"count":46,"href":"https:\/\/www.gastrofestival-kh.cz\/index.php\/wp-json\/wp\/v2\/pages\/10\/revisions"}],"predecessor-version":[{"id":790,"href":"https:\/\/www.gastrofestival-kh.cz\/index.php\/wp-json\/wp\/v2\/pages\/10\/revisions\/790"}],"wp:attachment":[{"href":"https:\/\/www.gastrofestival-kh.cz\/index.php\/wp-json\/wp\/v2\/media?parent=10"}],"curies":[{"name":"wp","href":"https:\/\/api.w.org\/{rel}","templated":true}]}}

Staňte se součástí i vy!

<p></p>



<p>Srdečně zveme všechny, kteří se věnují moderní a kvalitní gastronomii! Rádi přivítáme také prodejce nabízející sortiment související s festivalem či produkty regionálního původu.</p>



<p>Zvláštní prostor věnujeme lokálním producentům potravin ve vysoké kvalitě, včetně BIO produktů. Pokud chcete být součástí jedinečného festivalu chutí a představit své produkty nadšenému publiku, neváhejte se k nám připojit!</p>



<p>Těšíme se na vás!</p>



<div class="wp-block-file"><a href="https://www.gastrofestival-kh.cz/wp-content/uploads/2026/02/Podminky-stankari-2026.pdf" target="_blank" rel="noreferrer noopener">Podmínky 2026</a><a href="https://www.gastrofestival-kh.cz/wp-content/uploads/2026/02/Podminky-stankari-2026.pdf" class="wp-block-file__button" download>Stáhnout</a></div>



<p>Odkaz pro přihlašování stánku najdete <strong><span class="has-inline-color has-vivid-red-color"><a href="https://docs.google.com/forms/d/e/1FAIpQLScvAOQJakolJ60JVMsHBIqE58d1CO43jl9eaC_VHkpxlvZDtA/viewform?usp=header" data-type="URL" data-id="https://docs.google.com/forms/d/e/1FAIpQLScvAOQJakolJ60JVMsHBIqE58d1CO43jl9eaC_VHkpxlvZDtA/viewform?usp=header" target="_blank" rel="noreferrer noopener">ZDE</a></span></strong>.</p>



<p><br>Kontakt: Radka Francová, <object height="0">radka.francova@vinokutnahora.cz, 775 105 985</object></p>

<p>Srdečně zveme všechny, kteří se věnují moderní a kvalitní gastronomii! Rádi přivítáme také prodejce nabízející sortiment související s festivalem či produkty regionálního původu. Zvláštní prostor &hellip; </p>
